{"id":3119,"date":"2022-11-10T16:52:35","date_gmt":"2022-11-10T16:52:35","guid":{"rendered":"https:\/\/refracts.eu\/?page_id=3119"},"modified":"2026-02-04T11:12:36","modified_gmt":"2026-02-04T11:12:36","slug":"home","status":"publish","type":"page","link":"https:\/\/refracts.eu\/","title":{"rendered":"Home"},"content":{"rendered":"\n<p><\/p>\n\n\n\n<div class=\"wp-block-cover alignfull\" style=\"min-height:693px;aspect-ratio:unset;\"><img loading=\"lazy\" decoding=\"async\" width=\"1024\" height=\"767\" class=\"wp-block-cover__image-background wp-image-16363 size-full\" alt=\"\" src=\"https:\/\/refracts.eu\/wp-content\/uploads\/2025\/12\/homerefracts.jpg\" style=\"object-position:82% 50%\" data-object-fit=\"cover\" data-object-position=\"82% 50%\" srcset=\"https:\/\/refracts.eu\/wp-content\/uploads\/2025\/12\/homerefracts.jpg 1024w, https:\/\/refracts.eu\/wp-content\/uploads\/2025\/12\/homerefracts-300x225.jpg 300w, https:\/\/refracts.eu\/wp-content\/uploads\/2025\/12\/homerefracts-768x575.jpg 768w\" sizes=\"auto, (max-width: 1024px) 100vw, 1024px\" \/><span aria-hidden=\"true\" class=\"wp-block-cover__background has-background-dim\"><\/span><div class=\"wp-block-cover__inner-container is-layout-flow wp-block-cover-is-layout-flow\">\n<p class=\"has-text-align-center has-large-font-size\"><\/p>\n<\/div><\/div>\n\n\n\n<div style=\"height:73px\" aria-hidden=\"true\" class=\"wp-block-spacer\"><\/div>\n\n\n\n<div class=\"wp-block-media-text alignwide is-stacked-on-mobile is-vertically-aligned-top\" style=\"grid-template-columns:26% auto\"><figure class=\"wp-block-media-text__media\"><img loading=\"lazy\" decoding=\"async\" width=\"795\" height=\"828\" src=\"https:\/\/refracts.eu\/wp-content\/uploads\/2025\/12\/refracts3.png\" alt=\"\" class=\"wp-image-16373 size-full\" srcset=\"https:\/\/refracts.eu\/wp-content\/uploads\/2025\/12\/refracts3.png 795w, https:\/\/refracts.eu\/wp-content\/uploads\/2025\/12\/refracts3-288x300.png 288w, https:\/\/refracts.eu\/wp-content\/uploads\/2025\/12\/refracts3-768x800.png 768w\" sizes=\"auto, (max-width: 795px) 100vw, 795px\" \/><\/figure><div class=\"wp-block-media-text__content\">\n<h3 class=\"wp-block-heading\">Reimagining the Future: Digital Transformation, Creative Archives, and Sustainable Cultural Democracy in Knowledge Design (REFRACTS)&nbsp;<\/h3>\n\n\n\n<p>Al igual que un prisma refracta y separa la luz en patrones vivos y novedosos, este proyecto tiene como objetivo redefinir los m\u00e9todos convencionales de abordar el patrimonio cultural, orient\u00e1ndolos hacia direcciones m\u00e1s creativas y progresistas.<\/p>\n\n\n\n<p>REFRACTS busca transformar la conservaci\u00f3n del patrimonio cultural archiv\u00edstico aprovechando tecnolog\u00edas de vanguardia, como la inteligencia artificial (IA), la visualizaci\u00f3n de datos y la realidad virtual (RV), para proteger, mantener y compartir el patrimonio de los dise\u00f1adores y los innovadores art\u00edsticos. Con un \u00e9nfasis particular en los archivos de arte y dise\u00f1o, especialmente las colecciones de creadoras femeninas, a menudo olvidadas, REFRACTS ofrecer\u00e1 un acceso sin precedentes a estos activos culturales cruciales, garantizando su longevidad y fomentando la innovaci\u00f3n.<\/p>\n\n\n\n<p>REFRACTS tiene como objetivo crear un archivo digital atractivo e interactivo que sirva de puente entre el patrimonio cultural y las generaciones futuras. Para ello, aplica metodolog\u00edas de IA de vanguardia para identificar y producir representaciones tridimensionales de obras de arte, lo que facilitar\u00e1 experiencias inmersivas que har\u00e1n que los archivos sean accesibles a nivel mundial. Este cambio digital impulsar\u00e1 la investigaci\u00f3n, los sectores creativos y la participaci\u00f3n p\u00fablica, fomentando la inclusi\u00f3n cultural y la innovaci\u00f3n.<\/p>\n\n\n\n<p><\/p>\n<\/div><\/div>\n\n\n\n<div class=\"wp-block-columns is-layout-flex wp-container-core-columns-is-layout-9d6595d7 wp-block-columns-is-layout-flex\">\n<div class=\"wp-block-column is-layout-flow wp-block-column-is-layout-flow\"><\/div>\n\n\n\n<div class=\"wp-block-column is-layout-flow wp-block-column-is-layout-flow\">\n<figure class=\"wp-block-image size-medium\"><img loading=\"lazy\" decoding=\"async\" width=\"300\" height=\"201\" src=\"https:\/\/refracts.eu\/wp-content\/uploads\/2026\/02\/logoGVARefracts-300x201.jpeg\" alt=\"\" class=\"wp-image-16394\" srcset=\"https:\/\/refracts.eu\/wp-content\/uploads\/2026\/02\/logoGVARefracts-300x201.jpeg 300w, https:\/\/refracts.eu\/wp-content\/uploads\/2026\/02\/logoGVARefracts-1024x685.jpeg 1024w, https:\/\/refracts.eu\/wp-content\/uploads\/2026\/02\/logoGVARefracts-768x514.jpeg 768w, https:\/\/refracts.eu\/wp-content\/uploads\/2026\/02\/logoGVARefracts-1536x1028.jpeg 1536w, https:\/\/refracts.eu\/wp-content\/uploads\/2026\/02\/logoGVARefracts.jpeg 1600w\" sizes=\"auto, (max-width: 300px) 100vw, 300px\" \/><\/figure>\n<\/div>\n\n\n\n<div class=\"wp-block-column is-layout-flow wp-block-column-is-layout-flow\"><\/div>\n<\/div>\n\n\n\n<p><\/p>\n","protected":false},"excerpt":{"rendered":"<p>Reimagining the Future: Digital Transformation, Creative Archives, and Sustainable Cultural Democracy in Knowledge Design (REFRACTS)&nbsp; Al igual que un prisma refracta y separa la luz en patrones vivos y novedosos, este proyecto tiene como objetivo redefinir los m\u00e9todos convencionales de abordar el patrimonio cultural, orient\u00e1ndolos hacia direcciones m\u00e1s creativas y progresistas. REFRACTS busca transformar la &#8230; <a title=\"Home\" class=\"read-more\" href=\"https:\/\/refracts.eu\/\" aria-label=\"Leer m\u00e1s sobre Home\">Leer m\u00e1s<\/a><\/p>\n","protected":false},"author":1,"featured_media":0,"parent":0,"menu_order":0,"comment_status":"closed","ping_status":"closed","template":"","meta":{"_acf_changed":false,"footnotes":""},"class_list":["post-3119","page","type-page","status-publish"],"acf":[],"_links":{"self":[{"href":"https:\/\/refracts.eu\/index.php\/wp-json\/wp\/v2\/pages\/3119","targetHints":{"allow":["GET"]}}],"collection":[{"href":"https:\/\/refracts.eu\/index.php\/wp-json\/wp\/v2\/pages"}],"about":[{"href":"https:\/\/refracts.eu\/index.php\/wp-json\/wp\/v2\/types\/page"}],"author":[{"embeddable":true,"href":"https:\/\/refracts.eu\/index.php\/wp-json\/wp\/v2\/users\/1"}],"replies":[{"embeddable":true,"href":"https:\/\/refracts.eu\/index.php\/wp-json\/wp\/v2\/comments?post=3119"}],"version-history":[{"count":17,"href":"https:\/\/refracts.eu\/index.php\/wp-json\/wp\/v2\/pages\/3119\/revisions"}],"predecessor-version":[{"id":16402,"href":"https:\/\/refracts.eu\/index.php\/wp-json\/wp\/v2\/pages\/3119\/revisions\/16402"}],"wp:attachment":[{"href":"https:\/\/refracts.eu\/index.php\/wp-json\/wp\/v2\/media?parent=3119"}],"curies":[{"name":"wp","href":"https:\/\/api.w.org\/{rel}","templated":true}]}}